
-148a (base 12) to base 16
-96a
What is 7 (base 8) in base 6?
11
Convert -3037 (base 8) to base 2.
-11000011111
Convert -240224 (base 5) to base 10.
-8814
-245a (base 11) to base 7
-12235
-155200 (base 6) to base 7
-62631
What is 3874 (base 9) in base 16?
b56
Convert -11221102 (base 4) to base 16.
-5a52
What is -35a1 (base 11) in base 14?
-1a05
Convert -4081 (base 9) to base 3.
-11002201
Convert 7676 (base 10) to base 14.
2b24
What is -11110101000 (base 2) in base 8?
-3650
What is -22112 (base 3) in base 7?
-446
What is 11111001001 (base 2) in base 12?
11a1
What is -2213 (base 11) in base 9?
-4002
What is 4a4 (base 14) in base 16?
3a0
What is 3312 (base 5) in base 9?
557
What is -1243 (base 5) in base 16?
-c6
What is 111001010010110 (base 2) in base 9?
44213
Convert -1010100110011 (base 2) to base 3.
-21110000
-1000011000010 (base 2) to base 14
-17c6
Convert 223a (base 11) to base 3.
11001011
What is 2200102 (base 3) in base 16?
7a3
-157 (base 15) to base 12
-217
1071 (base 9) to base 11
661
-2110 (base 7) to base 8
-1346
Convert -568 (base 10) to base 15.
-27d
Convert 532 (base 11) to base 2.
1010000000
What is 5026 (base 8) in base 3?
10112122
What is -364 (base 14) in base 16?
-2a4
What is -aeb (base 15) in base 5?
-34341
What is -b2c4 (base 16) in base 13?
-17aa4
Convert 207 (base 10) to base 3.
21200
Convert 26029 (base 10) to base 11.
18613
What is 133 (base 14) in base 7?
463
Convert 1437 (base 12) to base 5.
33342
45a (base 16) to base 14
598
What is -11e3 (base 16) in base 8?
-10743
-6090 (base 10) to base 5
-143330
Convert -354355 (base 6) to base 15.
-91e5
Convert 6211 (base 7) to base 6.
14004
-bab (base 14) to base 3
-10011110
Convert dc (base 16) to base 5.
1340
1177 (base 9) to base 14
46c
Convert -2816 (base 15) to base 16.
-217b
-37a7 (base 11) to base 2
-1001101011101
6115 (base 7) to base 11
1657
Convert -ac (base 13) to base 8.
-216
11210 (base 5) to base 11
672
73037 (base 8) to base 13
109c1
Convert -123f (base 16) to base 11.
-3567
What is 3032 (base 11) in base 3?
12112012
Convert 22110000 (base 3) to base 7.
23643
What is 9a (base 16) in base 15?
a4
15443 (base 7) to base 6
32035
Convert -211 (base 14) to base 10.
-407
Convert 202102 (base 3) to base 14.
2b5
What is 3250 (base 7) in base 11?
967
What is 215a (base 15) in base 4?
1232110
Convert 10121212 (base 3) to base 5.
41032
Convert -57 (base 10) to base 8.
-71
Convert 1743 (base 8) to base 2.
1111100011
-5232 (base 9) to base 15
-120b
-37462 (base 8) to base 11
-11178
-3265 (base 10) to base 7
-12343
323322 (base 4) to base 9
5230
What is -40786 (base 10) in base 5?
-2301121
Convert 410 (base 9) to base 3.
110100
-60035 (base 8) to base 4
-12000131
Convert 102001 (base 3) to base 10.
298
What is -161453 (base 7) in base 12?
-16492
What is 646 (base 10) in base 3?
212221
Convert -1010000000011 (base 2) to base 12.
-2b6b
-40420 (base 6) to base 9
-7283
Convert -27 (base 8) to base 3.
-212
Convert 534030 (base 6) to base 14.
11c9c
What is 662 (base 10) in base 8?
1226
What is -3387 (base 10) in base 5?
-102022
6051 (base 14) to base 9
24612
13c7 (base 16) to base 14
1bb9
What is -13014 (base 5) in base 15?
-474
Convert -2050 (base 6) to base 9.
-563
What is 19d (base 14) in base 4?
11033
10131 (base 4) to base 15
140
Convert -11120121 (base 4) to base 9.
-33210
-412222 (base 5) to base 12
-7939
What is -332 (base 11) in base 12?
-292
Convert a31a (base 11) to base 2.
11010101111110
What is 1c28 (base 13) in base 4?
1002203
Convert 4922 (base 11) to base 7.
24524
-122121122 (base 3) to base 12
-7522
Convert f7 (base 16) to base 8.
367
-504413 (base 6) to base 16
-9bd9
Convert 23443 (base 13) to base 10.
64444
3170 (base 8) to base 2
11001111000
Convert -21213 (base 4) to base 15.
-2b0
-5717 (base 8) to base 6
-21555
211022 (base 5) to base 9
10551
-22131 (base 7) to base 9
-7556
-c70 (base 15) to base 7
-11115
-a469 (base 14) to base 10
-28317
What is -101110011000 (base 2) in base 4?
-232120
Convert 21300 (base 4) to base 8.
1160
-730 (base 9) to base 8
-1122
-121200211 (base 3) to base 13
-5704
Convert -47258 (base 9) to base 6.
-402042
Convert 1423 (base 8) to base 2.
1100010011
What is 696 (base 10) in base 5?
10241
Convert 171 (base 16) to base 11.
306
3613 (base 8) to base 13
b57
Convert 11120 (base 4) to base 14.
1a8
-4514 (base 7) to base 11
-1250
What is -c0 (base 15) in base 12?
-130
-10260 (base 10) to base 13
-4893
Convert b197 (base 16) to base 6.
550251
Convert 1014 (base 10) to base 16.
3f6
What is -410 (base 5) in base 11?
-96
244 (base 9) to base 7
406
Convert 11211322 (base 4) to base 11.
16234
What is -15ba2 (base 15) in base 12?
-346bb
1122021 (base 3) to base 7
3325
-256 (base 10) to base 9
-314
1004 (base 7) to base 3
110212
2078 (base 12) to base 9
4772
-100111001 (base 2) to base 11
-265
Convert 643 (base 7) to base 14.
193
-5627 (base 13) to base 15
-3872
182 (base 16) to base 7
1061
What is -51127 (base 9) in base 10?
-33640
What is -6455 (base 9) in base 6?
-33552
What is 12131 (base 6) in base 15?
7dd
What is -10421 (base 8) in base 16?
-1111
Convert -1034 (base 8) to base 11.
-451
-31332 (base 4) to base 5
-12034
-466 (base 10) to base 3
-122021
101000111 (base 2) to base 10
327
Convert -7314 (base 11) to base 2.
-10010111011111
What is 15b9 (base 13) in base 4?
301322
What is 1000101001010 (base 2) in base 16?
114a
What is 10130021 (base 4) in base 7?
104006
Convert -66a8 (base 12) to base 11.
-8598
-431311 (base 5) to base 14
-5457
383 (base 13) to base 15
2ae
What is -10c (base 16) in base 13?
-178
What is -4142 (base 5) in base 11?
-458
What is 55135 (base 7) in base 15?
414a
Convert -3844 (base 11) to base 14.
-1b7b
1436 (base 8) to base 16
31e
233 (base 12) to base 14
195
-31542 (base 7) to base 4
-1322031
Convert 41121 (base 5) to base 6.
20153
1628 (base 15) to base 6
34015
What is 100100100101100 (base 2) in base 4?
10210230
What is 175b (base 13) in base 11?
2662
12627 (base 11) to base 7
103435
Convert 166 (base 9) to base 13.
ab
Convert 100021022 (base 3) to base 15.
2008
Convert -102202 (base 3) to base 14.
-189
What is -236 (base 13) in base 5?
-3013
-e65 (base 15) to base 8
-6255
Convert -1050422 (base 6) to base 9.
-81085
What is -c9 (base 15) in base 6?
-513
-21211222 (base 3) to base 4
-1121123
-1a94 (base 12) to base 7
-12364
-3024 (base 14) to base 9
-12302
Convert 510254 (base 6) to base 4.
21311122
202420 (base 5) to base 4
1213102
Convert 22211 (base 3) to base 14.
130
What is 234 (base 16) in base 3?
202220
Convert 10113 (base 6) to base 15.
5e6
5066 (base 9) to base 8
7171
Convert -1469 (base 10) to base 4.
-112331
Convert -102105 (base 6) to base 3.
-102022112
1265 (base 16) to base 3
20110102
Convert -10000110101011 (base 2) to base 15.
-2849
Convert -21053 (base 7) to base 2.
-1010000111111
Convert 1890 (base 13) to base 5.
104131
Convert 22020 (base 3) to base 8.
336
Convert -1b0ab (base 12) to base 9.
-60625
What is 5480 (base 10) in base 12?
3208
-1379 (base 12) to base 5
-33003
Convert -2bb3 (base 12) to base 16.
-1437
749 (base 12) to base 5
13230
-635 (base 8) to base 10
-413
32a8a (base 12) to base 2
10000011010001010
-2022023 (base 4) to base 14
-3319
-11011000110 (base 2) to base 9
-2336
9126 (base 11) to base 4
2331200
e1c4 (base 16) to base 3
2221021121
Convert -1845 (base 14) to base 11.
-3316
-11733 (base 10) to base 9
-17076
Convert -3b5 (base 15) to base 7.
-2315
What is 181c (base 13) in base 14?
1434
Convert -11000101 (base 2) to base 12.
-145
Convert 3154 (base 8) to base 15.
749
Convert 3313 (base 4) to base 13.
160
773 (base 8) to base 11
421
What is -11100111 (base 2) in base 6?
-1023
What is -156520 (base 8) in base 15?
-11bc1
Convert -20124 (base 7) to base 14.
-1abb
3634 (base 8) to base 13
b6b
What is 4606 (base 9) in base 7?
12636
What is -100110011 (base 2) in base 15?
-157
What is -2011001022 (base 3) in base 7?
-234242
Convert 110001110 (base 2) to base 12.
292
What is 1010221 (base 3) in base 14?
439
-322 (base 7) to base 16
-a3
Convert -3a7 (base 16) to base 5.
-12220
What is -2022 (base 4) in base 14?
-9c
What is -4144 (base 5) in base 7?
-1413
What is -186 (base 9) in base 16?
-9f
What is 255225 (base 6) in base 5?
1220301
What is -1101110110001001 (base 2) in base 12?
-289